 = -2*h - 55. Let o = h - -6. Let s(b) = -3*b**2 + 3*b + 1. Let v(m) = o*s(m) - 2*x(m). Calculate v(2).
9
Let q(o) = -o**3 - 4*o**2 + 5*o + 4. Let v = -1 - -6. Suppose -7*t - 10 = -v*t. Determine q(t).
4
Let w(v) = 0 - 4*v**3 + 4*v + v**2 + 1 + 0 - 5*v. Let t be w(1). Let k(d) = d + 3. Calculate k(t).
0
Let l(c) = c**2 - 4. Let b = 0 + 4. Suppose 2*s + 60 = -8*o + 4*o, 4*o - b*s = -48. Let m be (-46)/(-14) - (-4)/o. What is l(m)?
5
Let r(o) = -o**2 - 11*o - 5. Suppose -10*l - 58 = 22. Give r(l).
19
Let g = 1 + 0. Let c(h) = -5*h. Let a be c(g). Let f = a + 6. Let s(z) = -6*z + 1. Calculate s(f).
-5
Let f = 32 - 30. Let g(k) = -5*k**2 + k - 1. Calculate g(f).
-19
Suppose -3*m - 27 = i + 2*i, -5*i + 3*m - 5 = 0. Let f(g) = -5*g**2 + 7*g - 12. Let y(t) = -3*t**2 + 5*t - 8. Let p(n) = -5*f(n) + 8*y(n). Give p(i).
-8
Let h be (6/(-9))/((-4)/30). Let d be (-3)/(-4)*(h - 1). Let f(m) = -d*m**2 + 6*m**2 + 3*m + 7 - 4*m**2. Give f(5).
-3
Let j(d) = d**3 - 5*d**2 - 7*d + 6. Let i(k) = -k**3 - 14. Let z be i(0). Let g = -34 + 54. Let p = z + g. Calculate j(p).
0
Let i(m) = m**2. Let d(b) = -b**3 - b - 8. Let p(n) = d(n) - i(n). Calculate p(0).
-8
Let j(t) = -t**2 - 9. Let u be (-3 - -3)/(-1 + 3). Give j(u).
-9
Let j(f) = f**3 - 2*f**2 - 3*f - 2. Let w(g) = 3*g**2 + 2*g + 2. Let s be w(-1). Calculate j(s).
-2
Let m(t) = t + 6. Let a be m(-6). Suppose 2*z + a*z + 4 = 0. Let i(l) = -4 + 4 + 2*l - 2. Calculate i(z).
-6
Let l(n) = -n**2 - 7*n - 4. Suppose 3*a = 15 - 30. Calculate l(a).
6
Let a(j) = -j**2 + 18. Let z(q) = -2*q**2 + 36. Let v(s) = -7*a(s) + 4*z(s). Calculate v(0).
18
Let d(y) = y**3 - 4*y**2 + 3*y. Suppose h = 5*h + 24. Let k = h - -2. Let x(b) = -2*b - 5. Let q be x(k). Give d(q).
0
Let g(s) = 27 - 8 + 4*s - 5*s. Give g(0).
19
Let k(y) = 2*y**3 + 3*y**2 + 2*y + 3. Let g(l) = 7*l**3 + 13*l**2 + 8*l + 13. Let o(f) = 2*g(f) - 9*k(f). Give o(-1).
4
Let w(h) = -5*h - 2. Let g(z) = -14*z - 6. Let k(j) = 4*g(j) - 11*w(j). Let f = -2 - 5. Let a(p) = -p**3 - 6*p**2 + 8*p + 5. Let t be a(f). Determine k(t).
0
Let u(y) = y**3 + 6*y**2 + y + 1. Let i = 6 - 6. Suppose -q - 26 + 20 = i. Calculate u(q).
-5
Let l(t) = t**3 + 3*t**2 - 5*t - 4. Let k be l(-4). Let g(i) = -i - 4. Calculate g(k).
-4
Let a(o) = -2 - 5 + o - 4. Let l(f) = f**2 + 4*f - 7. Let t = 2 - 8. Let w be l(t). What is a(w)?
-6
Let b(a) = 0 + a - 26*a**3 - 3 + 25*a**3 + 8*a**2. What is b(8)?
5
Let v(f) = -f**3 - 7*f**2 - 4*f + 7. Let w be (-8)/12 + (-124)/(-6). Let g = w + -31. Let t = 5 + g. What is v(t)?
-5
Let d(f) be the second derivative of -f**2 - 1/3*f**3 + f - 1/20*f**5 + 0 + 1/3*f**4. Suppose 5*i = 3*i + 6. What is d(i)?
1
Let z(w) = -w**3 + 5*w**2 - w - 2. Suppose -5*o + 24 + 1 = 0. Calculate z(o).
-7
Let o(p) = -p. Let r be 2/12 - 77/(-42). Let z be (-13)/4 + r/8. What is o(z)?
3
Let q(n) = -n**3 - n**2 - n. Suppose -2*m - 5*a = -2*a - 4, 5*m = a - 7. Determine q(m).
1
Let t(u) = 1 + u + 14*u**2 + u + 0*u - 8*u**2. What is t(-1)?
5
Let u(a) be the second derivative of 2*a + 1/6*a**3 - 1/30*a**6 + 0 - 1/2*a**2 - 1/60*a**5 + 1/24*a**4. Let d(w) be the first derivative of u(w). Give d(-1).
3
Let u(o) = o**3 + 10*o**2 - 10*o + 8. Let t be u(-11). Let w = t + 5. Suppose -2*a + 2*i = 6*i - 10, 2*i - 2 = w*a. Let s(v) = -11*v**2 + 1. Calculate s(a).
-10
Suppose 8 = -4*y - 6*m + 2*m, 5*y + 50 = 3*m. Let z(r) = -r**2 - 4*r + 7. Give z(y).
-14
Suppose 2 = -2*z - t + 3, 2*z = -3*t - 9. Let y(r) = -r + 3*r**3 - 4*r**3 - 3*r**3 - r**z. Suppose 4*c - 2 + 26 = 4*x, c + 5*x - 24 = 0. Give y(c).
6
Let t(g) = g**3 - 7*g**2 + 6*g + 1. Let d = -18 - -24. Give t(d).
1
Let w(x) = -x**3 + 5*x**2 + 5*x - 2. Let k be w(6). Let v be (-14)/k - 21/28. Let n(r) = -4 + v - 12*r + 2. Calculate n(-1).
11
Let k(s) = -s - 1. Let p(f) = -2*f - 3. Let z(j) = -4*k(j) + p(j). Calculate z(2).
5
Suppose 4*a + 7 = 23. Let q = -22 + 47. Let k be a/18 + q/9. Let g(v) = v**2 - 5*v + 2. Give g(k).
-4
Suppose 4 = 2*w + 2*w, -4*w - 11 = -3*a. Let f(v) = -v**2 + 5*v - 3. Calculate f(a).
-3
Let o be (-6 - -7) + 1*5. Let r be -4 + 2/(o/9). Let c(p) = p**2 - 1 + p**2 + 0 + 10*p**3. Give c(r).
-9
Let y(n) = 2*n**3 - n**2 + 1. Let c = 2 + 1. Suppose -c*o = -6*o - 3. Give y(o).
-2
Let k be ((-100)/(-30))/((-4)/(-6)). Let g(l) = -l - 5*l + 8 + 5*l. Give g(k).
3
Let d(n) = -n**3 - n**2 - 4*n - 1. Let m(b) = 2*b**3 + b**2 + 8*b + 1. Let k(u) = 11*d(u) + 6*m(u). What is k(4)?
-5
Let z(i) = -i**2 + i - 1. Let n(y) be the second derivative of 5*y**4/12 + 5*y**2 + 2*y. Let d(a) = n(a) + 4*z(a). Determine d(-4).
6
Let q(u) = -u**3 + u**2 + u + 2. Let s be 6/(-27) - (-11)/9. Suppose -s = -4*d + 7. Determine q(d).
0
Let a(f) = -19 + 13 - 2*f + 6. Give a(-3).
6
Suppose s = 5*s - 12. Let c(t) = t**3 - 4*t + 3. Calculate c(s).
18
Let o(c) be the third derivative of -1/60*c**5 + 0*c + c**2 + 0 + 1/4*c**4 + 3/2*c**3. Let v be o(7). Let p(i) = i**3 - 2*i + 1. Give p(v).
5
Suppose 4*c - 16 = 2*m, c + 2*c = -3*m + 21. Let z(q) = q**3 + q - q - m*q**2 + 1 - q. Calculate z(3).
7
Suppose -w = -2*w. Suppose -2*b = -w*b. Let y(h) be the third derivative of h**6/120 + h**5/60 - h**4/24 + 2*h**3/3 + 15*h**2. Give y(b).
4
Let r(n) = -n**3 - n**2 - 1. Let i(u) = -3*u**3 + 5*u**2 - 5*u - 9. Let a(d) = i(d) - 2*r(d). What is a(6)?
-1
Let j(n) = -n + 7. Let v(d) = 2*d - 13. Let h(i) = 7*j(i) + 4*v(i). Let f be h(2). Let u(g) be the third derivative of -5*g**4/24 + g**3/6 - g**2. Give u(f).
6
Let m(t) = -t**3 - 3*t**2 + 5*t + 6. Suppose -3*l = -2*s + 4, 4*s + 27 = -3*l - 1. Give m(l).
2
Let o(k) = -7*k**2 - 12*k + 6. Let m(b) = b**2 + b - 1. Let x(z) = -6*m(z) - o(z). Let y be (-28)/6 - 2/6. Give x(y).
-5
Let b(s) = -9*s**2 - 7*s - 8. Let p(o) = -10*o**2 - 8*o - 9. Let q(u) = 6*b(u) - 5*p(u). What is q(-2)?
-15
Let z = 1 + 1. Let u(y) be the second derivative of y**4/6 - 2*y**3/3 + y**2 + 4*y. Let l be u(z). Let i(w) = w**3 - w**2 + 2. Calculate i(l).
6
Let l(o) = -6*o**3 + o**2. Suppose -k + 6 = 5. Calculate l(k).
-5
Suppose 5*p = -20 - 5. Let u(z) = 2*z - 5*z - 15 - 5*z + z. Let d(o) = 10*o + 23. Let l(f) = -5*d(f) - 7*u(f). Calculate l(p).
-5
Let h = 14 + -16. Let r(s) be the first derivative of -s**2/2 + 1. Give r(h).
2
Suppose 31*p - 5 = 26*p. Let v(r) = -3*r. Calculate v(p).
-3
Let w(d) = -d + 10. Suppose 4 + 2 = -x. Let r(p) = p - 9. Let j(k) = x*w(k) - 7*r(k). What is j(4)?
-1
Let y(w) = 5*w - 1. Let r(h) = h + 1. Let l = 11 + -15. Let p(q) = l*r(q) + y(q). Suppose 2*x = x - 5*a - 24, -16 = 4*a. Give p(x).
-9
Let g(m) be the third derivative of m**6/120 - m**5/60 + m**4/4 + m**3 + 3*m**2. Let d(r) = -r**2 + r + 1. Let j(i) = -4*d(i) + g(i). What is j(-2)?
2
Let q(a) = -a**3 - 3*a**2 + 3*a + 3. Let f = 5 + -5. Let m = -1 - f. Let y be (m - 1)/(4/8). What is q(y)?
7
Let i(h) = -193 + 94 + 6*h + 107 - h**2. Calculate i(6).
8
Let t(h) = 3*h - 3. Let n = 11 - 14. Determine t(n).
-12
Let q(v) be the second derivative of -1/6*v**3 + 0 - 3*v - 1/2*v**2. What is q(-1)?
0
Let l(p) = -p**2 - 10*p - 15. Let t be l(-8). Let b(y) = -4 + y + t - 5*y + 2. Determine b(1).
-5
Let g = 44 + -44. Let v(n) = 3*n + 7. Let x(w) = 2*w + 7. Let z(r) = -3*v(r) + 4*x(r). Give z(g).
7
Let k be 52/(-8) + 3 + 4. Let i(y) be the first derivative of 1 - k*y**2 - 2*y. What is i(3)?
-5
Suppose 2*k = f - 8, -3*f - 2*k = 2*k - 4. Let c(j) = -j**2 + 9*j + 14. Let r be c(10). Let d(v) = 0 + 3*v - r*v + 3 + 0. Calculate d(f).
-1
Let u(v) be the second derivative of v**8/6720 - v**7/504 + v**6/180 - v**5/20 - v**4/6 - 4*v. Let k(m) be the third derivative of u(m). Determine k(4).
-6
Let r(y) = -y**2 + 3*y + 1. Let c(t) = t + 2. Let o be c(2). What is r(o)?
-3
Let m(p) = 0*p**2 + 7*p**2 + 10 - 11. Determine m(-1).
6
Suppose 63 = 5*i + 4*t, 5*t = -i - 2*i + 30. Let c be (-110)/(-25) + (-6)/i. Let d(p) = p**2 - 3*p + 2. Give d(c).
6
Let u be ((-6)/6)/(2/(-8)). Let q be -2 + (2 + -3)*-2. Suppose r + u + 1 = q. Let b(t) = -t**2 - 7*t - 4. Give b(r).
6
Suppose -4*s + 4*u = 0, 3*u - 16 = -3*s - 40. Let j(r) be the first derivative of -r**2/2 - 4*r + 2. Give j(s).
0
Let h(q) = -q**3 + 4*q - 5*q**2 - 7 - 4*q. What is h(-5)?
-7
Let t(f) = -9*f + 3. Let u(w) = -3*w - 14. Let h(l) = -l - 5. Let r(n) = 17*h(n) - 6*u(n). Let j(x) = -6*r(x) - t(x). Calculate j(-2).
-3
Let x be (-6)/(-15) - (-17)/(-5). Let m